 d + 10. Let i be y(12). Let s be i*((-172)/(-8) + 2). Let f = -34 - s. Calculate the remainder when 50 is divided by f.
11
Let p(b) = -2*b**2 - 29*b + 23. Calculate the remainder when 3498 is divided by p(-6).
123
Let c(h) = -5*h**3 - 30*h**2 + 3. What is the remainder when 103 is divided by c(-6)?
1
Let n(m) = -3. Let o(y) = -2. Let p(j) = 3*n(j) - 4*o(j). Let w(s) = 3*s - 12. Let r(t) = 2*p(t) - w(t). What is the remainder when 1 is divided by r(3)?
0
Let v be (-11)/((-34)/16 - -2). Suppose -2*n + 0*n = -v. What is the remainder when n is divided by (106/265)/(-1 + 0 + 141/135)?
8
Suppose -367 = 2*s - 391. What is the remainder when s is divided by 6?
0
Suppose -25*t = -521 - 229. Calculate the remainder when 478 is divided by t.
28
Let j(n) = -n + 2. Let f be j(0). Suppose -5*d = -3*x - 19, x + 2*d = f*x + 8. Suppose -x - 5 = -l. What is the remainder when 12 is divided by l?
5
Let x(h) = 10*h**2 + 6*h + 6. Let z(a) = a**2. Let n(q) = x(q) - 6*z(q). Calculate the remainder when 28 is divided by n(-2).
8
Calculate the remainder when 63 is divided by -1 + 16 - (1 + -3).
12
Suppose 4*w + 7 = 43. What is the remainder when 15/(-40) - (-609)/24 is divided by w?
7
Let h(z) = -z**3 + 49*z**2 + 52*z + 35. Calculate the remainder when h(50) is divided by 28.
23
Suppose -d = -3*q + 66, -4*q + 2*d = -149 + 61. Calculate the remainder when 36 is divided by q.
14
Let x be (-5)/(-1) + (-7 - -4). Suppose x = 4*l - 10. Suppose f = -q + 4, 18 - 2 = -4*f. Calculate the remainder when q is divided by l.
2
Let a(o) = -o**2 - 7*o - 5. Let s be a(-5). Suppose -25 - 10 = -s*x. What is the remainder when x is divided by 5?
2
Let h = 1613 + -1606. Let k(z) = -z**3 - 6*z**2 - z + 7. What is the remainder when k(-6) is divided by h?
6
Suppose 22*l - 1294 - 70 = 0. What is the remainder when l is divided by 8?
6
Let v(a) = -30*a + 3. Suppose z = -3*p + 163, 0*z + 3*z + 5*p - 489 = 0. Suppose 0 = 11*y - 101 - z. Calculate the remainder when v(-3) is divided by y.
21
Let m(j) = 8*j**2 + 4*j + 4. Calculate the remainder when 122 is divided by m(-2).
10
Suppose 3707 + 941 = 56*n. Calculate the remainder when 494 is divided by n.
79
Let x = 933 - 805. What is the remainder when x is divided by 41?
5
Suppose -31*s + 3519 = 1008. Calculate the remainder when 303 is divided by s.
60
Let m(l) = -l**3 - 11*l**2 + 10*l - 9. Suppose -5*d - 38 = 5*t + 47, 3*t - 9 = 2*d. Calculate the remainder when m(d) is divided by 5.
0
Let w(l) = -l**3 - 9*l**2 - 3*l + 2. Let a be 5/((-10)/(-3))*(1 - 7). What is the remainder when w(a) is divided by 10?
9
Let h be (-1)/((-6)/(-546) + (-6)/39). Suppose -h*m + 894 = -m. What is the remainder when m is divided by 19?
16
Let d(u) = -2*u**3 - 5*u**2 + 7*u + 8. What is the remainder when 193 is divided by d(-4)?
25
What is the remainder when 83 is divided by ((-16)/32)/(-1*(-3)/(-186))?
21
Suppose -5*h - 72 + 172 = 5*f, -15 = -3*h. Calculate the remainder when (-2)/8 - (-834)/8 is divided by f.
14
Let s be (9/2)/(8/(-16)). Let c = 16 - s. Suppose -5*q = -4*q - c. Calculate the remainder when q is divided by 4.
1
Let y(b) = -b**3 - 2*b**2 + 5*b - 2. Let w(u) = 2*u - 8. What is the remainder when y(-4) is divided by w(7)?
4
Suppose 0 = m - 2*m - 7. Let l = -5 - m. Suppose l*z - z = 17. Calculate the remainder when z is divided by 4.
1
Let j = -3 + 0. Let y be 356/12 + 5/15. Calculate the remainder when y*(2 + 3/j) is divided by 11.
8
Let o = 423 - 390. What is the remainder when 164 is divided by o?
32
Let u(s) = -19*s + 4. Let w be u(-8). Let o = w - 139. What is the remainder when 45 is divided by o?
11
Suppose s = -4*i - 177, i + 12 = 5*s - 48. Let h = i - -107. Calculate the remainder when h is divided by 21.
20
Suppose -4*q = -71*m + 75*m - 1420, 2 = 2*q. Calculate the remainder when m is divided by 90.
84
What is the remainder when 189 is divided by (42/(-18))/(1/(-21))?
42
Let o = 24 - 7. Let i(n) = -67*n + 533. Calculate the remainder when i(7) is divided by o.
13
Let m(c) = 2*c**2 - 5*c + 2. Calculate the remainder when (-2)/10*6 + (-4431)/(-105) is divided by m(4).
13
Let y(i) = -i**2 - 10*i + 27. Let w be y(-12). Suppose 15 = w*x - 3. Calculate the remainder when 29 is divided by x.
5
Let j = -1436 + 1469. What is the remainder when j is divided by 18?
15
Calculate the remainder when (-7640)/(-10) + (-2 - 7) is divided by 108.
107
Let f(h) = -2*h - 22. Let m be f(-12). Suppose m*x + 261 = 4*s - 461, s + 3*x = 170. What is the remainder when s is divided by 20?
19
Let v be (36/48 - 23/20)*-5. Suppose -70 = -2*h + v*b, -b - 71 + 186 = 4*h. What is the remainder when h is divided by 11?
8
Let x = 39 + -37. Suppose -x*j = -35 - 29. Calculate the remainder when j is divided by 7.
4
Let s(i) = 31*i - 82. Calculate the remainder when s(8) is divided by 42.
40
Let o(i) = -i**2 - i + 61. Let d be (-3 + 3)*(0 - 1). What is the remainder when o(d) is divided by 31?
30
Let f(s) = s**3 - 13*s**2 + 48*s - 30. Calculate the remainder when f(11) is divided by 52.
48
Let z(g) = 27*g**3 + 3*g**2 - 18*g + 33. Calculate the remainder when z(2) is divided by 19.
16
Let c = 8 - 3. Suppose -4*f + c*f = 4. What is the remainder when f is divided by 2?
0
Suppose 4*q = -4*c + 780, -3*q = -8*c + 5*c + 567. Calculate the remainder when c is divided by 99.
93
Suppose -4*n + 52 = -11*t + 9*t, 4 = 2*t. Calculate the remainder when 94 is divided by n.
10
Let w = 2634 - 2622. Calculate the remainder when ((-214)/3)/((-2)/3) is divided by w.
11
Let n(b) = 4*b + 84. Let h = 132 - 74. What is the remainder when h is divided by n(-18)?
10
Suppose 236*q = 213*q + 851. What is the remainder when 53 is divided by q?
16
Let w = 306 + -127. Calculate the remainder when w is divided by 10.
9
Let l(n) = 15 - 13 + 0*n**2 - 16*n**3 + 0*n**2 - 2*n**2. Calculate the remainder when 46 is divided by l(-1).
14
Suppose -278*x - 250 = -280*x. Calculate the remainder when x is divided by 61.
3
Suppose -5*c - 85 = -5*i, 11 = i - 2*c - 11. What is the remainder when i is divided by 8?
4
Let h(m) = m**2 - 2*m + 41. What is the remainder when 530 is divided by h(0)?
38
Suppose -2*d - 5 = -u - 27, -d - u = -14. Let q(b) = b**3 - 15*b**2 - 20*b - 235. What is the remainder when d is divided by q(17)?
0
Suppose -115 = -5*r + 5*k, 7*k - 3*k = -r + 8. Calculate the remainder when r is divided by 2.
0
Let r = 37 + -13. Let s = -12 + r. Let z = 27 + s. What is the remainder when z is divided by 10?
9
Let l(r) = r**3 - 5*r**2 + 9*r - 5. Let k be l(2). Calculate the remainder when (-384)/(-4) - (0 - (-2)/k) is divided by 16.
14
Suppose 9 = 3*s + 3*a, -2*s - 14 = 2*a - 4*a. Suppose -5 = 5*y + n, 0 = -4*y + n + 2*n - 23. What is the remainder when s*(y + (4 - 4)) is divided by 3?
1
What is the remainder when (-20)/(-6)*1/(-5)*-333 is divided by 56?
54
Suppose 4*c + c - 235 = -5*q, 5*c - 203 = 3*q. What is the remainder when 161 is divided by c?
32
Let h = -23 - -60. Let d = -32 + h. What is the remainder when 25 is divided by d?
0
Let f(h) = h - 7. Let v be f(7). Suppose -u = -v*u - 48. Calculate the remainder when u is divided by -3 - (3 - 46/2).
14
Suppose u + 0*u = 13. Calculate the remainder when (44/176)/(1/148) is divided by u.
11
Suppose v + 120 = 3*v. Suppose c = 6*c + v. Let s = 27 + c. What is the remainder when s is divided by 4?
3
Let i = -45 + 145. Let v = 23 + 4. What is the remainder when i is divided by v?
19
Let w = 24 + -19. Calculate the remainder when 207 is divided by w.
2
Suppose 0*d - 5*d - 5*k = 5, -d - 1 = -5*k. Let v = 20 - d. Suppose -3*s - s = -4*j - 4, -3*j - 5*s = -v. What is the remainder when 4 is divided by j?
0
Let d(f) = -f**3 - 7*f**2 + 4*f + 24. Let a be d(-7). Let w = -8 + -2. Calculate the remainder when 35 is divided by a/w + (-1488)/(-80).
16
Let p(r) = -8*r + 23. What is the remainder when 115 is divided by p(-2)?
37
Suppose 4*y = 8*y - 12. Suppose -5*a - 3 = -3*u + 38, 15 = u - y*a. Suppose -2*o = -73 + 7. What is the remainder when o is divided by u?
9
Suppose -h = -2*h + 7. Suppose 0 = -h*u + 2*u + 25. Let v = 2468 - 2451. What is the remainder when v is divided by u?
2
Suppose 7*b - 9*b + 3*f = -81, -b - 3*f + 36 = 0. Calculate the remainder when 152 is divided by b.
35
Let r = 285 - 265. Calculate the remainder when 26 is divided by r.
6
Suppose 0 = -x - 4*